at is the units digit of w?
4
Let l = 18864 - 12433. What is the thousands digit of l?
6
Suppose 26*s - 23*s + 5*n = 54685, -36430 = -2*s + 2*n. What is the units digit of s?
0
Let b be ((-3 - 4) + 3)/((-2)/40). Suppose 4*f = 3*f - b. Let o = f - -139. What is the units digit of o?
9
Let t = 36604 + -21135. What is the units digit of t?
9
Let g = -1667 + 1818. What is the tens digit of g?
5
Suppose 34*v - 35*v = 2. Let d be (-28)/12*5 + v/(-3). Let o = d - -49. What is the tens digit of o?
3
Let y(p) be the third derivative of p**6/180 + p**5/24 - 7*p**4/12 + 27*p**2. Let o(n) be the second derivative of y(n). What is the units digit of o(3)?
7
Let h(n) be the first derivative of n**4/4 - 7*n**3 - 18*n**2 - 34*n - 163. What is the units digit of h(23)?
6
What is the units digit of 4/1 + 12*(-1838)/(-8)?
1
Suppose 44*i - 32526 = 5*i. Let p = i + -514. What is the hundreds digit of p?
3
What is the hundreds digit of (-19)/(12566/5028 - (-11 + 405/30))?
8
Let s be 1239 + (0 - (3 + 0)). Suppose -16*h - 2 = -14*h, 4*z + 4*h - s = 0. What is the units digit of z?
0
Suppose 0 = -17*g + 12*g - 10, -7*r - 2*g = -24552. What is the thousands digit of r?
3
Suppose c = -108 + 99. What is the hundreds digit of ((-5)/2 + 2)/(c/10026)?
5
Suppose 2*n - 22 = 56. Let f = n + -64. Let k = f + 63. What is the tens digit of k?
3
Let o = 79 - 77. Suppose -o*z = 5*k - 1, -5*k = -3*z - 0*z - 11. Let c(j) = -18*j**3 + 3*j**2 + 4*j + 2. What is the hundreds digit of c(z)?
1
What is the units digit of (1555/3)/(64/1152)?
0
What is the hundreds digit of (8 - 241550/4)*(-52)/78?
2
Let o = 17 - 20. Let h be o + 76/16 - (-1)/4. Suppose -g - 188 = -4*j + h*g, 2*j + 2*g - 108 = 0. What is the units digit of j?
0
What is the hundreds digit of (1170/(-260))/(2/(-4)) + 39734?
7
Let g = 88 + -94. Let l(f) = -2*f**2 - 8*f - 60. Let a(d) = 4*d**2 + 16*d + 119. Let t(o) = 3*a(o) + 5*l(o). What is the tens digit of t(g)?
8
Let s = 57 + 4. Let l(g) = 28*g + 37*g - s*g + 16*g**2 + 1. What is the units digit of l(-2)?
7
Suppose 2609 = 28*t - 1451. Suppose 0 = 7*i - 9*i - 2*b + 314, i = -4*b + t. What is the tens digit of i?
6
Let r = -4346 - -51754. What is the thousands digit of r?
7
Let q = 219 - 216. Suppose -2*y - 2 = 0, 12*y - 15*y = -q*t + 504. What is the hundreds digit of t?
1
Let x be (-43 - -1)*(-8)/6. Suppose -n = -x + 31. What is the units digit of n?
5
Let y = 155 - 25. Suppose 3*k - 43 = -7. Suppose k*i = -y + 646. What is the units digit of i?
3
Let x = -180 + -79. Let r = 457 + x. What is the units digit of r?
8
Let p(k) = 2*k**2 - 17*k - 40. Suppose 37 - 107 = -5*v. What is the tens digit of p(v)?
1
Let o(q) = 199*q**2 + 3*q - 3. Let i = -60 - -61. Let z be o(i). Suppose -4*r + 145 = 5*j - z, 0 = j + r - 69. What is the tens digit of j?
6
Let w = 1818 + 1799. Suppose -10071 = -7*i - w. What is the tens digit of i?
2
Suppose 379328 + 96658 = 42*q. Suppose 15*f - q = 3097. What is the hundreds digit of f?
9
Let i(x) be the second derivative of 25*x**3/6 + 12*x**2 + x - 1. What is the hundreds digit of i(6)?
1
Let s(h) = h**3 - 69*h**2 - 119*h + 1380. What is the units digit of s(71)?
3
Let m be (-1696)/((-4)/(-1))*(0 + -1). Suppose 539*q = 543*q - m. What is the hundreds digit of q?
1
Let i(u) = u**3 + 7*u**2 - 22*u + 9. Let x be i(-11). Let w = 439 + x. What is the tens digit of w?
0
Let q(a) = -2*a**3 + 9*a**2 + 7*a - 6. Let r be q(5). Suppose 0 = 2*o - 4*o + r. Suppose -3*i - l = i - 544, 5*l + 272 = o*i. What is the hundreds digit of i?
1
Let y = 319 + -145. Let r = y + 102. What is the hundreds digit of r?
2
Let p be 5*268*(-136)/(-16). Suppose 68*b + p = 78*b. What is the thousands digit of b?
1
Suppose -4*x + 56 = 2*p, 5*p + 17 = -3*x + 73. Let v be 4/10 - (x/5 - 2). Suppose 2*u + 4*o - 140 = v, 0*u - 5*o - 177 = -3*u. What is the tens digit of u?
6
Let p(q) = 3*q**2 - 30. Let f be (0 + (-9)/(-1))*1. Suppose 0 = f*c - 10*c - 9. What is the hundreds digit of p(c)?
2
What is the thousands digit of (209*-15 + 4 + 10)/(0 + -1)?
3
Let a(f) = -5*f**3 + 288*f**2 + 46*f + 337. What is the hundreds digit of a(55)?
1
Suppose -3*u = 4*s + 12, -4*u + 3*s + s = -12. Suppose 2*m - 3*t = -u*t + 211, -4*t + 122 = m. What is the hundreds digit of m?
1
Let s be ((-208)/(-65))/(1/80). Suppose -3*m + s = m - c, 3*c = 0. Let x = 324 - m. What is the hundreds digit of x?
2
Let y = -36 + 43. Let v(g) = 3*g - 10. Let n be v(y). Suppose n*m = 7*m + 236. What is the tens digit of m?
5
Suppose -5*r + 117495 = -5*j, 4*r + 22*j - 94036 = 18*j. Suppose 163*b - r = 150*b. What is the hundreds digit of b?
8
Let p = -510 + 732. Suppose 3*f - 468 - p = 0. What is the tens digit of f?
3
Suppose 2*d = c + d - 59, 4*c = -5*d + 236. Suppose 4*g + 21 = -5*l + 104, 0 = g + 3. Let m = l + c. What is the units digit of m?
8
Suppose 0 = 4*d - 2*z + 5482, 0*z - 4084 = 3*d + 4*z. Let p = d - -2194. What is the tens digit of p/9 + (120/54)/10?
9
Suppose 347*f - 5949908 - 8286114 = 0. What is the ten thousands digit of f?
4
Suppose 17*p + 186043 - 874509 = 0. What is the hundreds digit of p?
4
Let q(o) = o**2 + 12*o + 25. Let k be q(-6). Let m = k - -41. Suppose a - m = 86. What is the tens digit of a?
1
Let i be (-36 + 34)*(-1)/(1/239). Let y = i - 189. What is the units digit of y?
9
Suppose -21 = -3*b, y - 62643 = 2*b - 12742. What is the hundreds digit of y?
9
Let u be ((-4)/14 - 0) + 252/(-147). Let v(k) = 4*k**2 + 3*k - 4. Let r be v(u). Let h(p) = -p**3 + 8*p**2 - p + 1. What is the units digit of h(r)?
7
Suppose 81*u - 172406 + 75787 = 179186. What is the thousands digit of u?
3
What is the units digit of (-3324)/9*(186/(-108) + (-6)/(-27))?
4
Suppose -2360 = -6*d + 3*d - g, 3*d = 4*g + 2380. Let x be (4/2)/(-1 + 70/56). Suppose x*a - 4*a = d. What is the units digit of a?
7
Let f be 3/(-2 - (-22)/8). Suppose -885 = f*t + 5*u, -4*t + u + 122 - 977 = 0. Let s = t + 388. What is the units digit of s?
3
Suppose 8*t = 6*t + 358. Let n = t - -76. Suppose 10*b - n = 7*b. What is the tens digit of b?
8
Let v = 179 - 155. Suppose -3307 = -v*s + 4589. What is the tens digit of s?
2
Let q(s) = s**2 + 20*s + 68. Let x be q(-16). Suppose 4*z + 804 = -4*m + 3660, -x*m = -3*z + 2149. What is the tens digit of z?
1
Let l = -12 + 24. Let o = 32 - l. Let y(d) = d**3 - 20*d**2 + 3*d + 16. What is the tens digit of y(o)?
7
Suppose -24*h - 462 = -18*h. Let n(s) = s**2 - 4*s - 5. Let o be n(4). What is the tens digit of (h/5 - 4)*o?
9
Suppose -3*z = -2*h + 262, -3*z + 155 = -3*h + 416. Suppose 2*b - f = -540, 2*f = -3*b + 7*f - 796. Let q = z - b. What is the units digit of q?
4
Suppose 0 = 13*p - p - 4308. Suppose -3*d + 0*l + p = -2*l, d + 5*l - 148 = 0. What is the units digit of d?
3
Suppose n = -35*n + 124308. What is the tens digit of n?
5
Let u be 0 + 0 - (-13 + (-2 - -2)). Suppose 1622 = u*a - 1693. What is the tens digit of a?
5
Let q = -1862 - -1867. Let n = -145 + 243. Suppose -255 = -5*h - q*l, -3*h - l + n = -h. What is the units digit of h?
7
Let p = -858 - -858. Suppose -3*c - 40*b + 43*b = -1038, p = b - 2. What is the units digit of c?
8
Let h(d) = 3*d**2 + 12*d - 14. Let r be h(7). Let u = r - -192. What is the tens digit of u?
0
Let u = 34386 - 5077. What is the units digit of u?
9
Suppose 3288*o + 1248 = 3304*o. What is the units digit of o?
8
Suppose -164*n + 316*n = 150328. What is the tens digit of n?
8
Let i be (-1 - 6/(2/(-1)))*2. Suppose -3*k - 6*s + 2*s + 1472 = 0, -i*s + 20 = 0. What is the hundreds digit of k?
4
Let s(j) = 2535*j**2 - 231*j - 679. What is the ten thousands digit of s(-3)?
2
Let c(n) = n**3 - 5*n**2 + 7*n - 10. Let b be c(4). Suppose 840 = 3*g + b*g. Suppose -d + g = 3*d. What is the tens digit of d?
4
Suppose 72*h - 2394791 = 338905. What is the tens digit of h?
6
Let i be 7*39*-2*104/(-12). What is the hundreds digit of ((-21)/14)/(3 - i/1576)?
5
Suppose -6*o = -11*o + 920. Suppose -r - 3*r = o. Let u = r - -58. What is the units digit of u?
2
Let d = -4644 + 13532. What is the units digit of d?
8
Suppose 27*o - 19*o + 238392 = 32*o. What is the hundreds digit of o?
9
Let b = -24 - -32. Let z(v) = -14*v**2 + 2*v**2 - 7 + v**3 + 0*v**2 + 7*v - b. What is the units digit of z(12)?
9
Suppose -7*n + 3*n = 1460. Let c = 185 + n. What is the tens digit of c/2*(-16)/24?
6
Let t(k